 3323*o - 58189. Give c(-18).
-319
Let b(s) = -753*s**2 + 3726*s - 18. Calculate b(5).
-213
Let m(u) = 6*u**2 - 694*u + 6926. Calculate m(11).
18
Let y(w) = -10540*w - 13470122. Give y(-1278).
-2
Let k(m) = -6*m**2 + 2214*m - 68336. What is k(34)?
4
Let k(p) = -2*p**3 - 30*p**2 + 277*p + 2025. Calculate k(-6).
-285
Let h(i) = -i**3 + 20*i**2 + 86*i - 694. Give h(11).
1341
Let t(a) = -100*a**2 - 4777*a + 1118. Calculate t(-48).
14
Let y(x) = 13*x**2 - 34*x - 255. Give y(5).
-100
Let s(j) = j**3 - 536*j**2 - 32508*j - 131. Calculate s(-55).
34
Let x(a) = -2*a**3 + 5*a**2 + 321*a + 233. Calculate x(19).
-5581
Let w(h) = 391742*h + 76389688. What is w(-195)?
-2
Let k(b) = 1347241*b - 2694483. Calculate k(2).
-1
Let u(c) = -271*c - 1155. Calculate u(-5).
200
Let a(v) = 3275*v - 12834. Give a(4).
266
Let m(f) = -25*f**3 - 194*f**2 + 36*f - 108. Give m(-8).
-12
Let n(p) = 3395*p - 61095. Calculate n(18).
15
Let i(p) = -p**3 + 6*p**2 + 1686*p - 5102. Determine i(3).
-17
Let x(d) = -d**3 - 125*d**2 - 1388*d - 3546. Determine x(-113).
70
Let u(l) = -3*l**3 + 1243*l**2 - 259*l - 64244. Calculate u(414).
-74
Let p(u) = -u**2 + 143*u + 650. Calculate p(-5).
-90
Let c(d) = d**2 + 563*d - 526852. Determine c(497).
-32
Let c(w) = -17*w**3 - 78*w**2 + 341*w + 289. Give c(-7).
-89
Let f(l) = -4*l**3 - 1161*l**2 - 2577*l + 4320. Determine f(-288).
0
Let i(r) = -53021*r - 159077. Calculate i(-3).
-14
Let o(x) = -45245*x + 3121914. What is o(69)?
9
Let f(x) = -142928*x - 1429251. Calculate f(-10).
29
Let s(b) = b**3 - 53*b**2 - 646*b + 645. What is s(-11)?
7
Let w(l) = 3472*l + 13061. Determine w(-4).
-827
Let v(u) = -28637*u - 486796. Calculate v(-17).
33
Let y(s) = -16*s**2 + 276*s - 21. What is y(18)?
-237
Let r(n) = -41199*n - 494416. Determine r(-12).
-28
Let m(i) = -i**2 + 453493*i + 1813993. Calculate m(-4).
5
Let h(u) = 18901*u - 11283894. Give h(597).
3
Let i(v) = 42*v**3 - 2353*v**2 - 519*v + 32205. What is i(56)?
5
Let k(m) = 5*m**2 + 1553*m + 8542. Give k(-305).
2
Let d(p) = 4*p**2 - 15*p - 3577. Give d(45).
3848
Let n(c) = 7724*c - 46366. What is n(6)?
-22
Let c(r) = -r**3 + 65*r**2 + 3909*r + 481. Determine c(103).
-34
Let p(k) = -95*k**2 - 330*k + 3. Determine p(-4).
-197
Let m(q) = 2184*q - 19697. Give m(9).
-41
Let z(r) = 54*r + 16772. Give z(-311).
-22
Let k(a) = -57*a**2 - 899*a + 49. Determine k(-20).
-4771
Let m(x) = 7690*x + 3360535. Determine m(-437).
5
Let l(b) = 8*b**3 + 11*b**2 + 130*b + 120. Give l(-6).
-1992
Let c(p) = -5368*p + 6265. Give c(1).
897
Let r(h) = -5*h**3 - 108*h**2 + 903*h + 103. Give r(-28).
-93
Let c(d) = 15*d**2 + 26486*d - 158949. Determine c(6).
507
Let m(k) = -76*k**2 - 8079*k - 305. Determine m(-106).
2133
Let u(h) = h**3 + 63*h**2 + 1172*h + 84625. What is u(-65)?
-5
Let m(n) = -2*n**3 + 139*n**2 + 173*n + 2932. Give m(71).
92
Let j(u) = -17*u**2 - 1281*u - 10035. Calculate j(-8).
-875
Let m(q) = 129*q**2 + 1022*q + 14. What is m(-8)?
94
Let m(v) = -3*v**2 + 1030*v + 21792. Give m(-20).
-8
Let q(j) = 4*j**2 + 63*j + 235. Determine q(-9).
-8
Let p(y) = -9*y**2 - 165*y - 595. Calculate p(-5).
5
Let j(g) = 38*g**2 - 63955*g + 127905. Give j(2).
147
Let k(c) = 246150*c - 4184550. Determine k(17).
0
Let b(l) = -3950*l - 27735. Calculate b(-7).
-85
Let r(h) = -14940*h - 1508936. Calculate r(-101).
4
Let v(k) = k**3 + 30*k**2 + k + 105. Calculate v(-5).
725
Let n(h) = -7*h**2 - 132*h + 291. Give n(-17).
512
Let a(y) = 95580*y + 1816229. What is a(-19)?
209
Let p(l) = 7*l**2 + 670*l + 2697. What is p(-4)?
129
Let s(q) = -2*q**3 - 16*q**2 - 83*q - 242. Give s(-9).
667
Let b(v) = -14055*v - 4834917. Determine b(-344).
3
Let v(b) = -88503*b - 531004. Determine v(-6).
14
Let h(z) = -3483*z - 208989. Give h(-60).
-9
Let g(b) = -16358*b + 1112398. Calculate g(68).
54
Let j(r) = 124*r**2 + 27044*r + 2646. Calculate j(-218).
30
Let z(t) = -286*t + 20710. Calculate z(66).
1834
Let i(c) = -56*c**2 - 1908*c - 156. Determine i(-34).
-20
Let k(d) = -3*d**2 - 14383*d + 57555. Calculate k(4).
-25
Let u(c) = -c**2 - 2173*c + 13062. Calculate u(6).
-12
Let g(q) = 3*q**3 + 219*q**2 + 405*q - 501. Give g(-71).
990
Let t(b) = b**3 + 15*b**2 + 1546*b + 20038. Give t(-13).
278
Let o(s) = 22304*s - 110849. What is o(5)?
671
Let q(w) = -248481*w - 745446. Determine q(-3).
-3
Let l(o) = 360*o + 2205. Determine l(-7).
-315
Let d(z) = 3*z**3 + 49*z**2 - 884*z - 14478. Give d(-17).
-28
Let i(j) = -2*j**3 - 44*j**2 - 620*j - 11049. Determine i(-19).
-1435
Let v(s) = -57*s**2 - 1440*s - 316. Give v(-25).
59
Let q(b) = -53*b**2 + 5050*b + 361. Determine q(95).
1786
Let c(v) = 4*v**2 - 1129*v - 4318. What is c(286)?
-28
Let b(z) = -z**3 + 11*z**2 + 163*z - 1020. Give b(6).
138
Let t(k) = 6*k**2 - 212*k - 3. Calculate t(21).
-1809
Let i(k) = k**2 + 72*k + 110. What is i(-76)?
414
Let c(o) = 24780*o - 14298065. Determine c(577).
-5
Let b(w) = -71*w**2 + 480*w - 680. Calculate b(5).
-55
Let f(a) = a**2 - 282*a - 8020. Give f(308).
-12
Let u(c) = -2*c**3 - 1432*c**2 - 273*c - 195454. Calculate u(-716).
14
Let n(o) = 3*o**3 - 40*o**2 - 144*o + 1690. Calculate n(14).
66
Let x(v) = -10487*v + 73467. Give x(7).
58
Let q(c) = -9577*c - 13. Calculate q(0).
-13
Let z(i) = 828*i**2 + 818075*i + 10875. Give z(-988).
7
Let r(s) = -s**2 + 239*s - 9447. What is r(51)?
141
Let x(j) = j**3 + 355*j**2 + 11437*j - 14995. What is x(-319)?
-2
Let u(j) = -j**2 + 13*j + 1982. What is u(-45)?
-628
Let y(d) = -2*d**3 - 100*d**2 + 442*d + 177. Determine y(-54).
-363
Let r(k) = 18*k**2 - 871*k - 1596. What is r(50)?
-146
Let q(o) = -o**3 + 78*o**2 + 1853*o - 949. What is q(97)?
21
Let b(q) = -q**2 + 25921*q + 3151092. Determine b(-121).
10
Let r(q) = -405*q - 8562. Determine r(-21).
-57
Let q(l) = 55*l - 3106. Give q(79).
1239
Let z(d) = 1845*d - 44241. Calculate z(24).
39
Let k(j) = -2*j**2 + 887*j - 46991. Calculate k(382).
-5
Let t(r) = 5156*r + 345458. Determine t(-67).
6
Let l(f) = -40*f**2 + 1469*f + 14. Give l(0).
14
Let d(c) = -c**3 - 273*c**2 + 3420*c - 10. Give d(12).
-10
Let u(l) = -837*l - 27045. Calculate u(-32).
-261
Let a(r) = 2*r**3 + 15*r**2 - 247*r - 25. Give a(8).
-17
Let w(b) = 11674*b + 326875. Calculate w(-28).
3
Let p(b) = 4*b**3 - 478*b**2 - 257*b + 1926. What is p(120)?
-114
Let g(k) = -6990*k - 55945. Calculate g(-8).
-25
Let x(l) = 16909*l + 8471395. Calculate x(-501).
-14
Let c(v) = 80*v**2 + 1116*v - 20. What is c(-14)?
36
Let j(t) = 19246*t - 57849. Calculate j(3).
-111
Let x(h) = 28554*h - 770958. Determine x(27).
0
Let q(j) = 79*j**2 + 1279*j + 8986. Determine q(-7).
3904
Let x(v) = 3305*v + 234. Determine x(0).
234
Let h(r) = 17358*r + 208293. Determine h(-12).
-3
Let c(b) = 325*b + 641. What is c(-2)?
-9
Let g(k) = -11*k**2 - 909*k - 7977. Determine g(-10).
13
Let z(g) = -4351*g**3 - 12*g**2 - 34*g + 43. Calculate z(1).
-4354
Let l(c) = -c**2 + 66882*c + 1271036. Determine l(-19).
-83
Let x(d) = 2294*d + 11750. Calculate x(-5).
280
Let w(m) = -m**3 - 11*m**2 - 7339*m - 73288. Calculate w(-10).
2
Let u(r) = r**2 + 293*r - 10168. Give u(32).
232
Let v(k) = -k**2 - 1941*k + 9712. Calculate v(5).
-18
Let d(h) = 146*h**3 - 1727*h**2 + 8*h - 11. Determine d(12).
3685
Let m(n) = n**2 - 650*n + 103532. Determine m(375).
407
Let g(p) = 451891*p - 9941601. Determine g(22).
1
Let v(r) = -2*r**3 - 221*r**2 + 11293*r - 278. What is v(38)?
-12
Let s(f) = -f**2 - 4772*f - 99724. Calculate s(-21).
47
Let y(t) = -9445*t**2 + 160613*t - 815. Calculate y(17).
1
Let b(h) = -266*h - 1875. Calculate b(-11).
1051
Let n(o) = 725*o + 176176. Determine n(-243).
1
Let h(y) = -287*y**2 + 614*y + 749. Determine h(3).
8
Let a(y) = -y**2 + 166*y - 6514. Determine a(69).
179
Let g(q) = 837*q + 8210. Give g(-10).
-160
Let p(w) = 24*w + 317. Calculate p(-21).
-187
Let i(y) = -38816*y - 38840. Give i(-1).
-24
Let f(m) = 2611*m**2 + 15726*m + 317. Calculate f(-6).
-43
Let c(k) = 35*k**2 - 596*k - 16815. Calculate c(-15).
0
Let y(z) = z**3 - 180*z**2 + 4172*z - 1105. Give y(27).
2
Let h(b) = -5*b**3 - 11*b**2 - 450*b + 1799. Give h(4).
-497
Let x(z) = -3231*z + 1263317. What is x(391)?
-4
Let k(r) = r**3 - 63*r**2 - 204*r + 4628. Give k(65).
-182
Let u(s) = -25742*s + 849490. Calculate u(33).
4
Let z(v) = 13*v**2 - 3681*v + 126420. Determine z(40).
-20
Let l(q) = q**3 + 29*q**2 -